{"id":69486,"date":"2026-04-13T14:30:53","date_gmt":"2026-04-13T12:30:53","guid":{"rendered":"https:\/\/eafinia.com\/?post_type=product&#038;p=69486"},"modified":"2026-04-13T15:51:39","modified_gmt":"2026-04-13T13:51:39","slug":"table-cosmetique-afinia-natural-gold","status":"publish","type":"product","link":"https:\/\/eafinia.com\/fr\/produit\/table-cosmetique-afinia-natural-gold\/","title":{"rendered":"Table Cosm\u00e9tique Afinia Natural Gold"},"content":{"rendered":"<p><strong>La Table cosm\u00e9tique Afinia Natural Gold<\/strong> est un poste de travail fonctionnel con\u00e7u pour les stylistes ongulaires et les instituts de beaut\u00e9 professionnels. Esth\u00e9tique moderne, ergonomie et fonctionnalit\u00e9. La table s\u2019int\u00e8gre parfaitement dans des int\u00e9rieurs \u00e9l\u00e9gants, propres et lumineux.<\/p>\n<p>Le plateau, en couleur bois naturel, est recouvert d\u2019une surface <strong>HPL<\/strong> r\u00e9sistante, durable et facile \u00e0 nettoyer. Une d\u00e9coupe ergonomique dans le plateau am\u00e9liore le confort de travail en permettant un meilleur positionnement des mains pendant les soins.<\/p>\n<p><strong>Nous recommandons l\u2019utilisation de notre tapis en silicone Afinia Cover ainsi que le nettoyage avec notre Afinia Table Cleaner<\/strong><\/p>\n<p><span style=\"font-size: 12pt;\">GARANTIE \u2013 1 AN<\/span><\/p>\n","protected":false},"excerpt":{"rendered":"<p>Kosmetiktisch, Nageltisch, Manik\u00fcrtisch<\/p>\n","protected":false},"featured_media":69468,"comment_status":"open","ping_status":"closed","template":"","meta":{"_acf_changed":false,"inline_featured_image":false},"product_brand":[],"product_cat":[749,308,305],"product_tag":[327,321,698,319,334,317,767],"class_list":{"0":"post-69486","1":"product","2":"type-product","3":"status-publish","4":"has-post-thumbnail","6":"product_cat-nouveautes","7":"product_cat-standard-fr","8":"product_cat-tables-de-cosmetique","9":"product_tag-adapte-pour-linstallation-de-labsorbeur-ndc-2000","10":"product_tag-decoupe-ergonomique-dans-le-plateau-pour-un-travail-confortable-du-styliste","11":"product_tag-nombre-de-prises-electriques-4","12":"product_tag-prises-electriques-integrees","13":"product_tag-table-assemblee-et-prete-a-lemploi","14":"product_tag-ventilation-vers-lexterieur","15":"product_tag-wysylka-stoly-hight-fr-80","16":"sales-flash-overlay","17":"woocommerce-text-align-left","18":"woocommerce-image-align-center","19":"do-quantity-buttons","21":"first","22":"instock","23":"taxable","24":"shipping-taxable","25":"purchasable","26":"product-type-variable","27":"add-to-wishlist-before_image"},"acf":[],"gallery_images":[69472,69480],"_links":{"self":[{"href":"https:\/\/eafinia.com\/fr\/wp-json\/wp\/v2\/product\/69486","targetHints":{"allow":["GET"]}}],"collection":[{"href":"https:\/\/eafinia.com\/fr\/wp-json\/wp\/v2\/product"}],"about":[{"href":"https:\/\/eafinia.com\/fr\/wp-json\/wp\/v2\/types\/product"}],"replies":[{"embeddable":true,"href":"https:\/\/eafinia.com\/fr\/wp-json\/wp\/v2\/comments?post=69486"}],"wp:featuredmedia":[{"embeddable":true,"href":"https:\/\/eafinia.com\/fr\/wp-json\/wp\/v2\/media\/69468"}],"wp:attachment":[{"href":"https:\/\/eafinia.com\/fr\/wp-json\/wp\/v2\/media?parent=69486"}],"wp:term":[{"taxonomy":"product_brand","embeddable":true,"href":"https:\/\/eafinia.com\/fr\/wp-json\/wp\/v2\/product_brand?post=69486"},{"taxonomy":"product_cat","embeddable":true,"href":"https:\/\/eafinia.com\/fr\/wp-json\/wp\/v2\/product_cat?post=69486"},{"taxonomy":"product_tag","embeddable":true,"href":"https:\/\/eafinia.com\/fr\/wp-json\/wp\/v2\/product_tag?post=69486"}],"curies":[{"name":"wp","href":"https:\/\/api.w.org\/{rel}","templated":true}]}}

Table Cosmétique Afinia Natural Gold

<p><strong>La Table cosmétique Afinia Natural Gold</strong> est un poste de travail fonctionnel conçu pour les stylistes ongulaires et les instituts de beauté professionnels. Esthétique moderne, ergonomie et fonctionnalité. La table s’intègre parfaitement dans des intérieurs élégants, propres et lumineux.</p>
<p>Le plateau, en couleur bois naturel, est recouvert d’une surface <strong>HPL</strong> résistante, durable et facile à nettoyer. Une découpe ergonomique dans le plateau améliore le confort de travail en permettant un meilleur positionnement des mains pendant les soins.</p>
<p><strong>Nous recommandons l’utilisation de notre tapis en silicone Afinia Cover ainsi que le nettoyage avec notre Afinia Table Cleaner</strong></p>
<p><span style="font-size: 12pt;">GARANTIE – 1 AN</span></p>

<p>Kosmetiktisch, Nageltisch, Manikürtisch</p>
