{"id":69488,"date":"2026-04-13T14:35:14","date_gmt":"2026-04-13T12:35:14","guid":{"rendered":"https:\/\/eafinia.com\/?post_type=product&#038;p=69488"},"modified":"2026-04-13T15:54:25","modified_gmt":"2026-04-13T13:54:25","slug":"mesa-de-manicura-afinia-natural-black","status":"publish","type":"product","link":"https:\/\/eafinia.com\/es\/producto\/mesa-de-manicura-afinia-natural-black\/","title":{"rendered":"Mesa de manicura Afinia Natural Black"},"content":{"rendered":"<p><strong>La Mesa de manicura Afinia Natural Black<\/strong> es un puesto de trabajo funcional dise\u00f1ado para estilistas de u\u00f1as y salones de belleza profesionales. Est\u00e9tica moderna, ergonom\u00eda y funcionalidad. La mesa encaja perfectamente en interiores elegantes, limpios y luminosos.<\/p>\n<p>El tablero en color madera natural est\u00e1 recubierto con una superficie resistente de <strong>HPL<\/strong>, que es resistente a da\u00f1os y f\u00e1cil de limpiar. Un recorte ergon\u00f3mico en el tablero aumenta la comodidad de trabajo, permitiendo una mejor posici\u00f3n de las manos durante los tratamientos.<\/p>\n<p><strong>Recomendamos usar nuestra cubierta de silicona Afinia Cover y limpiar con nuestro Afinia Table Cleaner<\/strong><\/p>\n<p><span style=\"font-size: 12pt;\">GARANT\u00cdA \u2013 1 A\u00d1O<\/span><\/p>\n","protected":false},"excerpt":{"rendered":"<p>Kosmetiktisch, Nageltisch, Manik\u00fcrtisch<\/p>\n","protected":false},"featured_media":69452,"comment_status":"open","ping_status":"closed","template":"","meta":{"_acf_changed":false,"inline_featured_image":false},"product_brand":[],"product_cat":[182,179,751],"product_tag":[199,700,203,506,194,205],"class_list":{"0":"post-69488","1":"product","2":"type-product","3":"status-publish","4":"has-post-thumbnail","6":"product_cat-estandar","7":"product_cat-mesas-de-manicura","8":"product_cat-novedades","9":"product_tag-mesa-montada-y-lista-para-usar","10":"product_tag-numero-de-enchufes-electricos-4","11":"product_tag-recorte-ergonomico-en-el-tablero-para-que-la-estilista-trabaje-comodamente","12":"product_tag-stoly-esp","13":"product_tag-tomas-de-corriente-integradas","14":"product_tag-ventilacion-al-exterior","15":"sales-flash-overlay","16":"woocommerce-text-align-left","17":"woocommerce-image-align-center","18":"do-quantity-buttons","20":"first","21":"instock","22":"taxable","23":"shipping-taxable","24":"purchasable","25":"product-type-variable","26":"add-to-wishlist-before_image"},"acf":[],"gallery_images":[69464,69460,69448],"_links":{"self":[{"href":"https:\/\/eafinia.com\/es\/wp-json\/wp\/v2\/product\/69488","targetHints":{"allow":["GET"]}}],"collection":[{"href":"https:\/\/eafinia.com\/es\/wp-json\/wp\/v2\/product"}],"about":[{"href":"https:\/\/eafinia.com\/es\/wp-json\/wp\/v2\/types\/product"}],"replies":[{"embeddable":true,"href":"https:\/\/eafinia.com\/es\/wp-json\/wp\/v2\/comments?post=69488"}],"wp:featuredmedia":[{"embeddable":true,"href":"https:\/\/eafinia.com\/es\/wp-json\/wp\/v2\/media\/69452"}],"wp:attachment":[{"href":"https:\/\/eafinia.com\/es\/wp-json\/wp\/v2\/media?parent=69488"}],"wp:term":[{"taxonomy":"product_brand","embeddable":true,"href":"https:\/\/eafinia.com\/es\/wp-json\/wp\/v2\/product_brand?post=69488"},{"taxonomy":"product_cat","embeddable":true,"href":"https:\/\/eafinia.com\/es\/wp-json\/wp\/v2\/product_cat?post=69488"},{"taxonomy":"product_tag","embeddable":true,"href":"https:\/\/eafinia.com\/es\/wp-json\/wp\/v2\/product_tag?post=69488"}],"curies":[{"name":"wp","href":"https:\/\/api.w.org\/{rel}","templated":true}]}}

<p><strong>La Mesa de manicura Afinia Natural Black</strong> es un puesto de trabajo funcional diseñado para estilistas de uñas y salones de belleza profesionales. Estética moderna, ergonomía y funcionalidad. La mesa encaja perfectamente en interiores elegantes, limpios y luminosos.</p>
<p>El tablero en color madera natural está recubierto con una superficie resistente de <strong>HPL</strong>, que es resistente a daños y fácil de limpiar. Un recorte ergonómico en el tablero aumenta la comodidad de trabajo, permitiendo una mejor posición de las manos durante los tratamientos.</p>
<p><strong>Recomendamos usar nuestra cubierta de silicona Afinia Cover y limpiar con nuestro Afinia Table Cleaner</strong></p>
<p><span style="font-size: 12pt;">GARANTÍA – 1 AÑO</span></p>

<p>Kosmetiktisch, Nageltisch, Manikürtisch</p>
