{"id":48924,"date":"2023-01-08T16:25:59","date_gmt":"2023-01-08T15:25:59","guid":{"rendered":"https:\/\/eafinia.com\/?post_type=product&#038;p=48924"},"modified":"2026-02-05T14:07:38","modified_gmt":"2026-02-05T13:07:38","slug":"mesa-de-manicura-afinia-basic-konglomerado","status":"publish","type":"product","link":"https:\/\/eafinia.com\/es\/producto\/mesa-de-manicura-afinia-basic-konglomerado\/","title":{"rendered":"Mesa de manicura Afinia Basic Konglomerado"},"content":{"rendered":"<p>Dise\u00f1o sencillo y universal, equipado con un amplio espacio de almacenamiento en forma de 5 cajones y armarios, as\u00ed como un estante pr\u00e1ctico. Adem\u00e1s, un cable de alimentaci\u00f3n, una funda para los cables. Un puesto de trabajo totalmente funcional es la base del trabajo de una estilista: todo tiene que estar perfecto. Modelo equipado con una tapa de conglomerado.<\/p>\n<p><strong>*La versi\u00f3n de 130 cm presenta una textura de conglomerado m\u00e1s marcada y densa; es un efecto natural del proceso de producci\u00f3n que le da a la encimera un car\u00e1cter m\u00e1s distintivo.<\/strong><\/p>\n<div class=\"image-conglomerat\" style=\"display: flex; gap: 20px; flex-wrap: wrap;\">\n<div style=\"margin-top: 20px;\"><strong> versi\u00f3n 130 cm:<\/strong><a href=\"https:\/\/afinia.pl\/wp-content\/uploads\/2025\/12\/130cm-konglomerat.jpg\" target=\"_blank\" rel=\"noopener\"><br \/>\n<img decoding=\"async\" style=\"max-width: 300px; width: 100%; height: auto; border-radius: 8px; cursor: pointer;\" src=\"https:\/\/afinia.pl\/wp-content\/uploads\/2025\/12\/130cm-konglomerat.jpg\" alt=\"St\u00f3\u0142 130 cm\" \/><br \/>\n<\/a><\/div>\n<div style=\"margin-top: 20px;\">\n<p><strong> versi\u00f3n 116 cm:<\/strong><a href=\"https:\/\/afinia.pl\/wp-content\/uploads\/2024\/10\/NOWE-STOLY-KREMOWE-TLO-2-1E-1.jpg\" target=\"_blank\" rel=\"noopener\"><br \/>\n<img decoding=\"async\" style=\"max-width: 300px; width: 100%; height: auto; border-radius: 8px; cursor: pointer;\" src=\"https:\/\/afinia.pl\/wp-content\/uploads\/2024\/10\/NOWE-STOLY-KREMOWE-TLO-2-1E-1.jpg\" alt=\"St\u00f3\u0142 116 cm\" \/><br \/>\n<\/a><\/p>\n<\/div>\n<\/div>\n<p><strong>A partir del 18 de junio de 2025, la altura de la mesa con elementos plateados cambiar\u00e1 de 76 a 77,5 cm.<\/strong><\/p>\n","protected":false},"excerpt":{"rendered":"<p>Mesa cosm\u00e9tica, escritorio cosm\u00e9tico, mesa de manicura<\/p>\n","protected":false},"featured_media":63137,"comment_status":"open","ping_status":"closed","template":"","meta":{"_acf_changed":false,"inline_featured_image":false},"product_brand":[],"product_cat":[182,179],"product_tag":[210,199,700,203,775,194,205],"class_list":{"0":"post-48924","1":"product","2":"type-product","3":"status-publish","4":"has-post-thumbnail","6":"product_cat-estandar","7":"product_cat-mesas-de-manicura","8":"product_tag-encimera-de-conglomerado","9":"product_tag-mesa-montada-y-lista-para-usar","10":"product_tag-numero-de-enchufes-electricos-4","11":"product_tag-recorte-ergonomico-en-el-tablero-para-que-la-estilista-trabaje-comodamente","12":"product_tag-stoly-esp-dystanse-15-euro","13":"product_tag-tomas-de-corriente-integradas","14":"product_tag-ventilacion-al-exterior","15":"product_shipping_class-courier-stoly-zagranica-esp-es","16":"sales-flash-overlay","17":"woocommerce-text-align-left","18":"woocommerce-image-align-center","19":"do-quantity-buttons","21":"first","22":"instock","23":"taxable","24":"shipping-taxable","25":"purchasable","26":"product-type-variable","27":"add-to-wishlist-before_image"},"acf":[],"gallery_images":[63141,61568,61572,61600,61576,61564,61556,67121,67117,68502,68498],"_links":{"self":[{"href":"https:\/\/eafinia.com\/es\/wp-json\/wp\/v2\/product\/48924","targetHints":{"allow":["GET"]}}],"collection":[{"href":"https:\/\/eafinia.com\/es\/wp-json\/wp\/v2\/product"}],"about":[{"href":"https:\/\/eafinia.com\/es\/wp-json\/wp\/v2\/types\/product"}],"replies":[{"embeddable":true,"href":"https:\/\/eafinia.com\/es\/wp-json\/wp\/v2\/comments?post=48924"}],"wp:featuredmedia":[{"embeddable":true,"href":"https:\/\/eafinia.com\/es\/wp-json\/wp\/v2\/media\/63137"}],"wp:attachment":[{"href":"https:\/\/eafinia.com\/es\/wp-json\/wp\/v2\/media?parent=48924"}],"wp:term":[{"taxonomy":"product_brand","embeddable":true,"href":"https:\/\/eafinia.com\/es\/wp-json\/wp\/v2\/product_brand?post=48924"},{"taxonomy":"product_cat","embeddable":true,"href":"https:\/\/eafinia.com\/es\/wp-json\/wp\/v2\/product_cat?post=48924"},{"taxonomy":"product_tag","embeddable":true,"href":"https:\/\/eafinia.com\/es\/wp-json\/wp\/v2\/product_tag?post=48924"}],"curies":[{"name":"wp","href":"https:\/\/api.w.org\/{rel}","templated":true}]}}

<p>Diseño sencillo y universal, equipado con un amplio espacio de almacenamiento en forma de 5 cajones y armarios, así como un estante práctico. Además, un cable de alimentación, una funda para los cables. Un puesto de trabajo totalmente funcional es la base del trabajo de una estilista: todo tiene que estar perfecto. Modelo equipado con una tapa de conglomerado.</p>
<p><strong>*La versión de 130 cm presenta una textura de conglomerado más marcada y densa; es un efecto natural del proceso de producción que le da a la encimera un carácter más distintivo.</strong></p>
<div class="image-conglomerat" style="display: flex; gap: 20px; flex-wrap: wrap;">
<div style="margin-top: 20px;"><strong> versión 130 cm:</strong><a href="https://afinia.pl/wp-content/uploads/2025/12/130cm-konglomerat.jpg" target="_blank" rel="noopener"><br />
<img decoding="async" style="max-width: 300px; width: 100%; height: auto; border-radius: 8px; cursor: pointer;" src="https://afinia.pl/wp-content/uploads/2025/12/130cm-konglomerat.jpg" alt="Stół 130 cm" /><br />
</a></div>
<div style="margin-top: 20px;">
<p><strong> versión 116 cm:</strong><a href="https://afinia.pl/wp-content/uploads/2024/10/NOWE-STOLY-KREMOWE-TLO-2-1E-1.jpg" target="_blank" rel="noopener"><br />
<img decoding="async" style="max-width: 300px; width: 100%; height: auto; border-radius: 8px; cursor: pointer;" src="https://afinia.pl/wp-content/uploads/2024/10/NOWE-STOLY-KREMOWE-TLO-2-1E-1.jpg" alt="Stół 116 cm" /><br />
</a></p>
</div>
</div>
<p><strong>A partir del 18 de junio de 2025, la altura de la mesa con elementos plateados cambiará de 76 a 77,5 cm.</strong></p>

<p>Mesa cosmética, escritorio cosmético, mesa de manicura</p>
